6
Suppose s - 1 = 14. Suppose m = 5*u - 3*m, -2*u + 3*m - 7 = 0. Suppose -k - u*k = -s. What is the greatest common divisor of 3 and k?
3
Let i = -35 - -50. Suppose 3*b = -b + o + 11, 4*b = -3*o + i. Calculate the greatest common factor of b and 24.
3
Suppose -2*u + 10*u - 2184 = 0. Calculate the highest common factor of 117 and u.
39
Suppose -259*t + 255*t + 8 = 0. Let i be (-1 + -1)/(4/(-1002)). Suppose t*o + i = 6*o + 3*y, -y = 3*o - 377. Calculate the highest common divisor of o and 14.
14
Let v(t) = -6*t + 2. Let h be v(1). Let y be 7 + -4 + -1 - h. Suppose -33 = -3*j + 4*s, 0*j - j + 3*s + y = 0. What is the greatest common divisor of 165 and j?
15
Let f(b) = -b**3 + 7*b**2 - 3 - 6*b + 6*b**2 - 5*b**2. Let k be f(7). Suppose -k*t + 385 = 105. Calculate the greatest common factor of 14 and t.
14
Suppose -2*m + m + 72 = 0. Let f = -5 + -1. Let z(v) = v**3 + 6*v**2 - 2*v - 4. Let j be z(f). What is the greatest common factor of m and j?
8
Let m(a) = -a**2 + 7*a - 2. Let h = 11 - 5. Let u be m(h). Calculate the highest common factor of 1 and u.
1
Let l be (-24)/(-12) + 53 + 5. What is the highest common divisor of 2 and l?
2
Suppose -36*k + 39*k - 671 = -4*a, 1097 = 5*k - 4*a. What is the greatest common divisor of k and 68?
17
Suppose 0 = g + 4*g - 1085. Suppose 3*u + 7 = k, 16*u = -5*k + 18*u + 139. Calculate the greatest common factor of g and k.
31
Suppose -5*z + p + 37 = -3*p, -4*z + 2*p + 32 = 0. Suppose -3*w + 0*w + 81 = 0. Calculate the greatest common factor of z and w.
9
Let b be (-2)/5 + 48640/100. Calculate the highest common divisor of 18 and b.
18
Let g be 1/((-4)/(-208)*4). Suppose -8*n - 5*y + g = -4*n, -4*y + 12 = 4*n. Calculate the greatest common divisor of 5 and n.
1
Suppose 3*d = -0*d + 72. Let a(z) = z**3 - z**2 - 4*z - 2. Let k be a(7). Calculate the greatest common factor of k and d.
24
Suppose 6*q + 192178 = 59*q. Calculate the greatest common factor of 74 and q.
74
Suppose -92 = 3*q - 188. Let a(g) = -g + 128. Let l be a(0). What is the greatest common divisor of q and l?
32
Suppose 48 = 3*o - 39. Suppose 4*h - 56 = 4*d, -4*h + d + 21 + o = 0. What is the greatest common divisor of h and 84?
12
Let y be 84/15 - (-4)/10. Let z(h) = -h**3 + 12*h**2 - 10*h - 10. Let w be z(11). Suppose w = u - 2. What is the greatest common divisor of u and y?
3
Suppose 2*b - 3*b = 3*j - 110, -3*j = 6. Let d = -36 + b. What is the highest common factor of d and 32?
16
Suppose -d - 13*l = -17*l - 54, 4*d - l - 156 = 0. Calculate the greatest common factor of d and 19.
19
Let d(l) = -22*l**3 + 6*l**2 + 8*l - 2. Let o be d(-2). What is the greatest common divisor of o and 26?
26
Let y(c) = -4*c + 60. Let t = 118 - 131. Let p be y(t). Calculate the greatest common divisor of p and 14.
14
Suppose 78*v - 73*v = -5*g + 165, 137 = 4*g + 3*v. Let x = -230 - -344. What is the greatest common factor of g and x?
38
Let x(f) = -94*f + 2. Suppose 0 = 5*m + 9 - 4. Let q be x(m). Calculate the greatest common divisor of 12 and q.
12
Let w be (-2)/6 + 16/3. Let y(i) = 3*i - 6. Let r be y(w). Let n be 7 + 49 + -5 - 6. What is the highest common factor of n and r?
9
Let r be (-2 - (-11)/2) + 1/2. Let o(j) = -j**2 + 7*j + 4. Let a be o(r). Let p(y) = 31*y + 4. Let n be p(4). Calculate the highest common factor of a and n.
16
Let g(v) be the first derivative of -v**4/4 - 8*v**3/3 + 4*v**2 + 9*v + 1. Let k be g(-9). What is the highest common divisor of k and 3?
3
Let z = -10 + 7. Let d(f) = -f**3 - 3*f**2 - 7*f - 2. Let p be d(z). Calculate the greatest common divisor of 95 and p.
19
Let c(d) = 2*d + 11. Let o be c(-4). Suppose -8*b + 45 = 5*k - 3*b, 2*k = o*b + 33. Calculate the greatest common factor of 24 and k.
12
Let b = 60 - 15. What is the greatest common divisor of b and 45?
45
Let z(i) = -i**3 + 6*i**2 - 3*i + 2. Let r be -1*9*(-12)/36. Let x be z(r). What is the highest common factor of x and 4?
4
Let d = -40 + 74. Suppose 0 = 3*s - 9 - 3, -3*v + 5*s + d = 0. What is the highest common factor of v and 198?
18
Let c(u) = -18*u + 61. Let w be c(-24). Calculate the greatest common divisor of 17 and w.
17
Let h(a) = -a**3 + 8*a**2 - 5*a - 8. Let g be h(5). What is the greatest common factor of g and 56?
14
Let z = -78 - -39. Let q = 31 - 95. Let t = z - q. Calculate the highest common factor of t and 100.
25
Let u be 119/3 + (-2)/(-6). Let p(r) = 7*r - 14. Let a be p(8). Let i = a - 32. What is the highest common divisor of u and i?
10
Let l be (-52)/(-6 + 96/18). What is the greatest common factor of 429 and l?
39
Let m = 1250 - 1130. Calculate the highest common factor of 576 and m.
24
Let d be 2 + 14/(-7) - (-115 + 5). Calculate the greatest common divisor of 55 and d.
55
Let o be (-2 - 26) + (-8)/(-2). Let u = o + 142. Suppose 27 + u = i. Calculate the highest common factor of i and 29.
29
Suppose -17*t = t - 1260. What is the highest common factor of 35 and t?
35
Let b(j) = j**2 - 74*j + 148. Let m be b(2). Let r be (6 + -2)*8 - 0. Calculate the highest common factor of r and m.
4
Suppose 0*q - 2*q = -8. Let i be (-20)/6*168/(-10). Suppose q*d = 3*d + i. What is the greatest common factor of 8 and d?
8
Let k be (-5 + 4)/((-2)/(-4)). Let j be ((-51)/119)/(k/14). Suppose 11 = m + c, 0*c + 29 = j*m + c. What is the highest common divisor of m and 3?
3
Let k = -5 - -15. Suppose -5*r - 10 = -0*r + 4*b, -5*r + 15 = -b. Calculate the greatest common divisor of k and r.
2
Let d = 78 + -75. Let g(x) = x - 9. Let m be g(7). Let h be (-15)/(-5) + 0/m. What is the highest common divisor of d and h?
3
Suppose 97 = -3*r - 713. Suppose 6*q + 2610 = 12*q. Let c = q + r. What is the greatest common factor of 15 and c?
15
Let p(s) = 4*s + 42. Let r be p(7). Let o = r + 11. What is the highest common divisor of 9 and o?
9
Let u(o) = 9*o**2 + 18*o - 118. Let a be u(10). Calculate the highest common divisor of a and 148.
74
Let v be (-750)/4*(0 + 30/(-25)). What is the greatest common divisor of 135 and v?
45
Suppose -6*b + 6 = -30. Suppose -f = -5*r - b, 6 = f - 0*f + 4*r. What is the highest common factor of f and 4?
2
Suppose 3*z - 3 = 0, 4 + 39 = 5*o + 3*z. What is the greatest common divisor of o and 2312?
8
Let n be 8*2/4 - -5. Let i = 43 - 34. Calculate the highest common factor of i and n.
9
Let g = -1534 + 714. Let x be 2/(-4) - (g/8 + -4). Calculate the greatest common divisor of 265 and x.
53
Let w(x) = 7*x**2 - 71*x + 454. Let d be w(6). What is the greatest common factor of 84 and d?
28
Let t(u) = u**2 - 4*u - 28. Let a be t(12). What is the highest common factor of 51 and a?
17
Let r be 2/16 - (-3)/(-24). Suppose 3*y - 2*y - 38 = -4*o, r = -3*y + o + 49. Calculate the highest common divisor of y and 9.
9
Suppose -3*x + 0*s + 611 = -s, 0 = -5*x + 5*s + 1025. What is the highest common divisor of x and 29?
29
Let i = -1034 - -1121. What is the greatest common factor of i and 406?
29
Let x = 23 - 19. Let p be 2 + 1 + -3 + x. Let d = p - -9. What is the greatest common divisor of 65 and d?
13
Let a = -44 - -124. Let u = 103 - a. Calculate the highest common factor of 230 and u.
23
Let q = 29 + -26. Suppose -k + q*k = 0. Let r(i) = i + 13. Let m be r(k). What is the highest common divisor of 52 and m?
13
Let r = -6 + 12. Suppose j - r*j = -3*n - 13, 3*j - 3 = 3*n. Let t(s) = -s**2 + 6*s - 1. Let a be t(j). What is the highest common factor of a and 8?
4
Let s be (-5 - 0)*-1*24/15. Suppose m - 72 = -5*j, 0*m = 2*m - 5*j - 144. Calculate the highest common divisor of s and m.
8
Let n(d) = -4*d - 16. Let k be n(-4). Suppose -2*p + 8*p - 96 = k. What is the greatest common factor of p and 16?
16
Suppose -4*j - 3*o + 5 = 0, -2*o = -0*j + j. Calculate the greatest common factor of j and 13.
1
Let j = 4 + -4. Let o be 1 - (-17 + -7 - (j + -1)). What is the highest common factor of o and 84?
12
Suppose -5*l - 25 = t, 0 = t + t - 3*l - 15. Let g = t - -14. Let r(h) = -4*h - 6. Let p be r(-5). Calculate the highest common factor of p and g.
14
Let t be 127 - (4 + -1 - 0). Suppose 0 = -4*h - 5*v + 25 + 87, 0 = -4*h - 2*v + t. What is the highest common divisor of 66 and h?
33
Let b be 8/(-28) + (-3 - (-8324)/28). Calculate the greatest common factor of 6 and b.
6
Let l be (-3 - -7 - 3)*61. Suppose 4*b + 0*s - l = s, -2 = 2*s. Calculate the highest common divisor 